{"id":9259,"date":"2025-03-18T10:55:55","date_gmt":"2025-03-18T16:55:55","guid":{"rendered":"https:\/\/siemexico.mx\/?page_id=9259"},"modified":"2025-07-22T09:44:52","modified_gmt":"2025-07-22T15:44:52","slug":"conceptos-constitucionales-2","status":"publish","type":"page","link":"https:\/\/siemexico.mx\/?page_id=9259","title":{"rendered":"Conceptos constitucionales"},"content":{"rendered":"\t\t<div data-elementor-type=\"wp-page\" data-elementor-id=\"9259\" class=\"elementor elementor-9259\" data-elementor-post-type=\"page\">\n\t\t\t\t<div class=\"wd-negative-gap elementor-element elementor-element-2e9973a wd-section-stretch e-flex e-con-boxed e-con e-parent\" data-id=\"2e9973a\" data-element_type=\"container\" data-settings=\"{&quot;background_background&quot;:&quot;classic&quot;}\">\n\t\t\t\t\t<div class=\"e-con-inner\">\n\t\t<div class=\"elementor-element elementor-element-5766ab9 e-con-full e-flex e-con e-child\" data-id=\"5766ab9\" data-element_type=\"container\">\n\t\t\t\t<div class=\"elementor-element elementor-element-8cb787e elementor-widget elementor-widget-heading\" data-id=\"8cb787e\" data-element_type=\"widget\" data-widget_type=\"heading.default\">\n\t\t\t\t<div class=\"elementor-widget-container\">\n\t\t\t\t\t<p class=\"elementor-heading-title elementor-size-default\">SIE M\u00e9xico<\/p>\t\t\t\t<\/div>\n\t\t\t\t<\/div>\n\t\t\t\t<div class=\"elementor-element elementor-element-2d6573e elementor-widget elementor-widget-heading\" data-id=\"2d6573e\" data-element_type=\"widget\" data-widget_type=\"heading.default\">\n\t\t\t\t<div class=\"elementor-widget-container\">\n\t\t\t\t\t<h1 class=\"elementor-heading-title elementor-size-default\">Conceptos constitucionales\n<\/h1>\t\t\t\t<\/div>\n\t\t\t\t<\/div>\n\t\t\t\t<\/div>\n\t\t\t\t\t<\/div>\n\t\t\t\t<\/div>\n\t\t<div class=\"elementor-element elementor-element-43369b3 wd-section-stretch e-flex e-con-boxed e-con e-parent\" data-id=\"43369b3\" data-element_type=\"container\" data-settings=\"{&quot;background_background&quot;:&quot;classic&quot;}\">\n\t\t\t\t\t<div class=\"e-con-inner\">\n\t\t\t\t<div class=\"elementor-element elementor-element-4d5b827 color-scheme-inherit text-left elementor-widget elementor-widget-text-editor\" data-id=\"4d5b827\" data-element_type=\"widget\" data-widget_type=\"text-editor.default\">\n\t\t\t\t<div class=\"elementor-widget-container\">\n\t\t\t\t\t\t\t\t\t<p>La mejor comprensi\u00f3n del intrincado mundo del Derecho en nuestro pa\u00eds la iniciamos en el\u00a0<strong><em>SIEM\u00e9xico\u00a0<\/em><\/strong>\u00ae de la siguiente manera:<\/p><ul><li>Elaboramos los 200 conceptos constitucionales m\u00e1s destacados para la vida presente y pr\u00f3xima de la sociedad y la econom\u00eda mexicanas, cada uno de ellos con los contenidos que explican su significado, los or\u00edgenes, el marco constitucional que les da vigencia, la legislaci\u00f3n reglamentaria emanada de ellos y una novedosa correlaci\u00f3n entre los propios conceptos (llamada Thesaurus).<\/li><li>Agregamos el texto vigente y original de los art\u00edculos de\u00a0la Carta constitucional, as\u00ed como indicadores de su sem\u00e1ntica.<\/li><li>Este diccionario se presenta en l\u00ednea para actualizar en tiempo real cualquier cambio constitucional o reglamentario y d\u00e1rselo a conocer mediante un mecanismo de an\u00e1lisis, vinculado a los textos de la Carta Magna.<\/li><li>Las leyes, c\u00f3digos y tratados internacionales los presentamos emparentados a los preceptos constitucionales que le dieron origen para as\u00ed saber la forma concreta en que se aplicar\u00e1n los grandes cambios y decisiones de nuestra Carta Magna.<\/li><li>Toda esta legislaci\u00f3n reglamentaria y otras disposiciones administrativas como son estatutos org\u00e1nicos, reglamentos interiores, reglas, lineamientos, normas y resoluciones, entre otras, se conjuntan en 31 temas de car\u00e1cter econ\u00f3mico, pol\u00edtico y social, dando contenido a los marcos jur\u00eddicos de las pol\u00edticas del gobierno mexicano.<\/li><\/ul><p>Adem\u00e1s, se consignan, mediante tablas estad\u00edsticas en tiempo real, los siguientes indicadores cuantitativos para la legislaci\u00f3n reglamentaria, que nos aproximan a una idea m\u00e1s certera de la certidumbre jur\u00eddica que otorgan los propios conceptos constitucionales:<\/p><ul><li><em>A\u00f1os que renueva<\/em>, indica el lapso entre la fecha de publicaci\u00f3n y la fecha de la legislaci\u00f3n que abroga (elimina), para el conjunto de regulaciones.<\/li><li><em>A\u00f1os de vigencia<\/em>, indica el lapso entre la publicaci\u00f3n de la legislaci\u00f3n y el d\u00eda de la consulta.<\/li><li><em>Lapso entre cambios<\/em>, se\u00f1ala el promedio, en meses, entre cada reforma; es decir, la velocidad de cambio de las regulaciones.<\/li><li><em>Reglamentaciones<\/em>, se refiere al n\u00famero de ordenamientos reglamentarios vigentes. .<\/li><\/ul>\t\t\t\t\t\t\t\t<\/div>\n\t\t\t\t<\/div>\n\t\t\t\t\t<\/div>\n\t\t\t\t<\/div>\n\t\t\t\t<\/div>\n\t\t","protected":false},"excerpt":{"rendered":"<p>SIE M\u00e9xico Conceptos constitucionales La mejor comprensi\u00f3n del intrincado mundo del Derecho en nuestro pa\u00eds la iniciamos en el\u00a0SIEM\u00e9xico\u00a0\u00ae de<\/p>\n","protected":false},"author":2,"featured_media":0,"parent":0,"menu_order":0,"comment_status":"closed","ping_status":"closed","template":"elementor_header_footer","meta":{"_acf_changed":false,"footnotes":""},"class_list":["post-9259","page","type-page","status-publish","hentry"],"acf":[],"yoast_head":"<!-- This site is optimized with the Yoast SEO plugin v26.6 - https:\/\/yoast.com\/wordpress\/plugins\/seo\/ -->\n<title>Conceptos constitucionales - https:\/\/siemexico.mx\/<\/title>\n<meta name=\"robots\" content=\"index, follow, max-snippet:-1, max-image-preview:large, max-video-preview:-1\" \/>\n<link rel=\"canonical\" href=\"https:\/\/siemexico.mx\/?page_id=9259\" \/>\n<meta property=\"og:locale\" content=\"es_ES\" \/>\n<meta property=\"og:type\" content=\"article\" \/>\n<meta property=\"og:title\" content=\"Conceptos constitucionales - https:\/\/siemexico.mx\/\" \/>\n<meta property=\"og:description\" content=\"SIE M\u00e9xico Conceptos constitucionales La mejor comprensi\u00f3n del intrincado mundo del Derecho en nuestro pa\u00eds la iniciamos en el\u00a0SIEM\u00e9xico\u00a0\u00ae de\" \/>\n<meta property=\"og:url\" content=\"https:\/\/siemexico.mx\/?page_id=9259\" \/>\n<meta property=\"og:site_name\" content=\"https:\/\/siemexico.mx\/\" \/>\n<meta property=\"article:modified_time\" content=\"2025-07-22T15:44:52+00:00\" \/>\n<meta name=\"twitter:card\" content=\"summary_large_image\" \/>\n<meta name=\"twitter:label1\" content=\"Tiempo de lectura\" \/>\n\t<meta name=\"twitter:data1\" content=\"2 minutos\" \/>\n<script type=\"application\/ld+json\" class=\"yoast-schema-graph\">{\"@context\":\"https:\/\/schema.org\",\"@graph\":[{\"@type\":\"WebPage\",\"@id\":\"https:\/\/siemexico.mx\/?page_id=9259\",\"url\":\"https:\/\/siemexico.mx\/?page_id=9259\",\"name\":\"Conceptos constitucionales - https:\/\/siemexico.mx\/\",\"isPartOf\":{\"@id\":\"https:\/\/siemexico.mx\/#website\"},\"datePublished\":\"2025-03-18T16:55:55+00:00\",\"dateModified\":\"2025-07-22T15:44:52+00:00\",\"breadcrumb\":{\"@id\":\"https:\/\/siemexico.mx\/?page_id=9259#breadcrumb\"},\"inLanguage\":\"es\",\"potentialAction\":[{\"@type\":\"ReadAction\",\"target\":[\"https:\/\/siemexico.mx\/?page_id=9259\"]}]},{\"@type\":\"BreadcrumbList\",\"@id\":\"https:\/\/siemexico.mx\/?page_id=9259#breadcrumb\",\"itemListElement\":[{\"@type\":\"ListItem\",\"position\":1,\"name\":\"Portada\",\"item\":\"https:\/\/siemexico.mx\/\"},{\"@type\":\"ListItem\",\"position\":2,\"name\":\"Conceptos constitucionales\"}]},{\"@type\":\"WebSite\",\"@id\":\"https:\/\/siemexico.mx\/#website\",\"url\":\"https:\/\/siemexico.mx\/\",\"name\":\"https:\/\/siemexico.mx\/\",\"description\":\"Instituto Mexicano de Estrategias\",\"potentialAction\":[{\"@type\":\"SearchAction\",\"target\":{\"@type\":\"EntryPoint\",\"urlTemplate\":\"https:\/\/siemexico.mx\/?s={search_term_string}\"},\"query-input\":{\"@type\":\"PropertyValueSpecification\",\"valueRequired\":true,\"valueName\":\"search_term_string\"}}],\"inLanguage\":\"es\"}]}<\/script>\n<!-- \/ Yoast SEO plugin. -->","yoast_head_json":{"title":"Conceptos constitucionales - https:\/\/siemexico.mx\/","robots":{"index":"index","follow":"follow","max-snippet":"max-snippet:-1","max-image-preview":"max-image-preview:large","max-video-preview":"max-video-preview:-1"},"canonical":"https:\/\/siemexico.mx\/?page_id=9259","og_locale":"es_ES","og_type":"article","og_title":"Conceptos constitucionales - https:\/\/siemexico.mx\/","og_description":"SIE M\u00e9xico Conceptos constitucionales La mejor comprensi\u00f3n del intrincado mundo del Derecho en nuestro pa\u00eds la iniciamos en el\u00a0SIEM\u00e9xico\u00a0\u00ae de","og_url":"https:\/\/siemexico.mx\/?page_id=9259","og_site_name":"https:\/\/siemexico.mx\/","article_modified_time":"2025-07-22T15:44:52+00:00","twitter_card":"summary_large_image","twitter_misc":{"Tiempo de lectura":"2 minutos"},"schema":{"@context":"https:\/\/schema.org","@graph":[{"@type":"WebPage","@id":"https:\/\/siemexico.mx\/?page_id=9259","url":"https:\/\/siemexico.mx\/?page_id=9259","name":"Conceptos constitucionales - https:\/\/siemexico.mx\/","isPartOf":{"@id":"https:\/\/siemexico.mx\/#website"},"datePublished":"2025-03-18T16:55:55+00:00","dateModified":"2025-07-22T15:44:52+00:00","breadcrumb":{"@id":"https:\/\/siemexico.mx\/?page_id=9259#breadcrumb"},"inLanguage":"es","potentialAction":[{"@type":"ReadAction","target":["https:\/\/siemexico.mx\/?page_id=9259"]}]},{"@type":"BreadcrumbList","@id":"https:\/\/siemexico.mx\/?page_id=9259#breadcrumb","itemListElement":[{"@type":"ListItem","position":1,"name":"Portada","item":"https:\/\/siemexico.mx\/"},{"@type":"ListItem","position":2,"name":"Conceptos constitucionales"}]},{"@type":"WebSite","@id":"https:\/\/siemexico.mx\/#website","url":"https:\/\/siemexico.mx\/","name":"https:\/\/siemexico.mx\/","description":"Instituto Mexicano de Estrategias","potentialAction":[{"@type":"SearchAction","target":{"@type":"EntryPoint","urlTemplate":"https:\/\/siemexico.mx\/?s={search_term_string}"},"query-input":{"@type":"PropertyValueSpecification","valueRequired":true,"valueName":"search_term_string"}}],"inLanguage":"es"}]}},"_links":{"self":[{"href":"https:\/\/siemexico.mx\/index.php?rest_route=\/wp\/v2\/pages\/9259","targetHints":{"allow":["GET"]}}],"collection":[{"href":"https:\/\/siemexico.mx\/index.php?rest_route=\/wp\/v2\/pages"}],"about":[{"href":"https:\/\/siemexico.mx\/index.php?rest_route=\/wp\/v2\/types\/page"}],"author":[{"embeddable":true,"href":"https:\/\/siemexico.mx\/index.php?rest_route=\/wp\/v2\/users\/2"}],"replies":[{"embeddable":true,"href":"https:\/\/siemexico.mx\/index.php?rest_route=%2Fwp%2Fv2%2Fcomments&post=9259"}],"version-history":[{"count":16,"href":"https:\/\/siemexico.mx\/index.php?rest_route=\/wp\/v2\/pages\/9259\/revisions"}],"predecessor-version":[{"id":10206,"href":"https:\/\/siemexico.mx\/index.php?rest_route=\/wp\/v2\/pages\/9259\/revisions\/10206"}],"wp:attachment":[{"href":"https:\/\/siemexico.mx\/index.php?rest_route=%2Fwp%2Fv2%2Fmedia&parent=9259"}],"curies":[{"name":"wp","href":"https:\/\/api.w.org\/{rel}","templated":true}]}}