{"id":9294,"date":"2025-03-18T11:15:31","date_gmt":"2025-03-18T17:15:31","guid":{"rendered":"https:\/\/siemexico.mx\/?page_id=9294"},"modified":"2025-07-22T09:48:51","modified_gmt":"2025-07-22T15:48:51","slug":"articulos","status":"publish","type":"page","link":"https:\/\/siemexico.mx\/?page_id=9294","title":{"rendered":"Art\u00edculos"},"content":{"rendered":"<p>El robo de combustible en la magnitud, grado de complicidad y efectos econ\u00f3micos tan visibles, invita a revisar la pol\u00edtica en esta materia.\u00a0 La preocupaci\u00f3n por este fen\u00f3meno criminal ha sido plasmada de diferentes formas en la legislaci\u00f3n generando instrumentos de distinto orden y efectos.\u00a0 Probablemente la arista m\u00e1s relevante sea la prevenci\u00f3n y represi\u00f3n<\/p>\n \t\t<div class=\"woocommerce\">\n\t\t\t<div class=\"woocommerce-info wc-memberships-restriction-message wc-memberships-message wc-memberships-content-restricted-message\">\n\t\t\t\tTo access this post, you must purchase <span class=\"wc-memberships-products-grant-access\"><a href=\"https:\/\/siemexico.mx\/?product=membresia-sie\">Membres\u00eda SIE<\/a><\/span>.\t\t    <\/div>\n\t\t<\/div>\n\t\t","protected":false},"excerpt":{"rendered":"<p>El robo de combustible en la magnitud, grado de complicidad y efectos econ\u00f3micos tan visibles, invita a revisar la pol\u00edtica<\/p>\n","protected":false},"author":2,"featured_media":0,"parent":0,"menu_order":0,"comment_status":"closed","ping_status":"closed","template":"","meta":{"_acf_changed":false,"footnotes":""},"class_list":["post-9294","page","type-page","status-publish","hentry"],"acf":[],"yoast_head":"<!-- This site is optimized with the Yoast SEO plugin v26.6 - https:\/\/yoast.com\/wordpress\/plugins\/seo\/ -->\n<title>Art\u00edculos - https:\/\/siemexico.mx\/<\/title>\n<meta name=\"robots\" content=\"index, follow, max-snippet:-1, max-image-preview:large, max-video-preview:-1\" \/>\n<link rel=\"canonical\" href=\"https:\/\/siemexico.mx\/?page_id=9294\" \/>\n<meta property=\"og:locale\" content=\"es_ES\" \/>\n<meta property=\"og:type\" content=\"article\" \/>\n<meta property=\"og:title\" content=\"Art\u00edculos - https:\/\/siemexico.mx\/\" \/>\n<meta property=\"og:description\" content=\"El robo de combustible en la magnitud, grado de complicidad y efectos econ\u00f3micos tan visibles, invita a revisar la pol\u00edtica\" \/>\n<meta property=\"og:url\" content=\"https:\/\/siemexico.mx\/?page_id=9294\" \/>\n<meta property=\"og:site_name\" content=\"https:\/\/siemexico.mx\/\" \/>\n<meta property=\"article:modified_time\" content=\"2025-07-22T15:48:51+00:00\" \/>\n<meta property=\"og:image\" content=\"https:\/\/siemexico.mx\/wp-content\/uploads\/2018\/11\/Emision-de-gases.jpg\" \/>\n\t<meta property=\"og:image:width\" content=\"1280\" \/>\n\t<meta property=\"og:image:height\" content=\"853\" \/>\n\t<meta property=\"og:image:type\" content=\"image\/jpeg\" \/>\n<meta name=\"twitter:card\" content=\"summary_large_image\" \/>\n<script type=\"application\/ld+json\" class=\"yoast-schema-graph\">{\"@context\":\"https:\/\/schema.org\",\"@graph\":[{\"@type\":\"WebPage\",\"@id\":\"https:\/\/siemexico.mx\/?page_id=9294\",\"url\":\"https:\/\/siemexico.mx\/?page_id=9294\",\"name\":\"Art\u00edculos - https:\/\/siemexico.mx\/\",\"isPartOf\":{\"@id\":\"https:\/\/siemexico.mx\/#website\"},\"primaryImageOfPage\":{\"@id\":\"https:\/\/siemexico.mx\/?page_id=9294#primaryimage\"},\"image\":{\"@id\":\"https:\/\/siemexico.mx\/?page_id=9294#primaryimage\"},\"thumbnailUrl\":\"https:\/\/siemexico.mx\/wp-content\/uploads\/2018\/11\/Emision-de-gases.jpg\",\"datePublished\":\"2025-03-18T17:15:31+00:00\",\"dateModified\":\"2025-07-22T15:48:51+00:00\",\"breadcrumb\":{\"@id\":\"https:\/\/siemexico.mx\/?page_id=9294#breadcrumb\"},\"inLanguage\":\"es\",\"potentialAction\":[{\"@type\":\"ReadAction\",\"target\":[\"https:\/\/siemexico.mx\/?page_id=9294\"]}]},{\"@type\":\"ImageObject\",\"inLanguage\":\"es\",\"@id\":\"https:\/\/siemexico.mx\/?page_id=9294#primaryimage\",\"url\":\"https:\/\/siemexico.mx\/wp-content\/uploads\/2018\/11\/Emision-de-gases.jpg\",\"contentUrl\":\"https:\/\/siemexico.mx\/wp-content\/uploads\/2018\/11\/Emision-de-gases.jpg\",\"width\":1280,\"height\":853},{\"@type\":\"BreadcrumbList\",\"@id\":\"https:\/\/siemexico.mx\/?page_id=9294#breadcrumb\",\"itemListElement\":[{\"@type\":\"ListItem\",\"position\":1,\"name\":\"Portada\",\"item\":\"https:\/\/siemexico.mx\/\"},{\"@type\":\"ListItem\",\"position\":2,\"name\":\"Art\u00edculos\"}]},{\"@type\":\"WebSite\",\"@id\":\"https:\/\/siemexico.mx\/#website\",\"url\":\"https:\/\/siemexico.mx\/\",\"name\":\"https:\/\/siemexico.mx\/\",\"description\":\"Instituto Mexicano de Estrategias\",\"potentialAction\":[{\"@type\":\"SearchAction\",\"target\":{\"@type\":\"EntryPoint\",\"urlTemplate\":\"https:\/\/siemexico.mx\/?s={search_term_string}\"},\"query-input\":{\"@type\":\"PropertyValueSpecification\",\"valueRequired\":true,\"valueName\":\"search_term_string\"}}],\"inLanguage\":\"es\"}]}<\/script>\n<!-- \/ Yoast SEO plugin. -->","yoast_head_json":{"title":"Art\u00edculos - https:\/\/siemexico.mx\/","robots":{"index":"index","follow":"follow","max-snippet":"max-snippet:-1","max-image-preview":"max-image-preview:large","max-video-preview":"max-video-preview:-1"},"canonical":"https:\/\/siemexico.mx\/?page_id=9294","og_locale":"es_ES","og_type":"article","og_title":"Art\u00edculos - https:\/\/siemexico.mx\/","og_description":"El robo de combustible en la magnitud, grado de complicidad y efectos econ\u00f3micos tan visibles, invita a revisar la pol\u00edtica","og_url":"https:\/\/siemexico.mx\/?page_id=9294","og_site_name":"https:\/\/siemexico.mx\/","article_modified_time":"2025-07-22T15:48:51+00:00","og_image":[{"width":1280,"height":853,"url":"https:\/\/siemexico.mx\/wp-content\/uploads\/2018\/11\/Emision-de-gases.jpg","type":"image\/jpeg"}],"twitter_card":"summary_large_image","schema":{"@context":"https:\/\/schema.org","@graph":[{"@type":"WebPage","@id":"https:\/\/siemexico.mx\/?page_id=9294","url":"https:\/\/siemexico.mx\/?page_id=9294","name":"Art\u00edculos - https:\/\/siemexico.mx\/","isPartOf":{"@id":"https:\/\/siemexico.mx\/#website"},"primaryImageOfPage":{"@id":"https:\/\/siemexico.mx\/?page_id=9294#primaryimage"},"image":{"@id":"https:\/\/siemexico.mx\/?page_id=9294#primaryimage"},"thumbnailUrl":"https:\/\/siemexico.mx\/wp-content\/uploads\/2018\/11\/Emision-de-gases.jpg","datePublished":"2025-03-18T17:15:31+00:00","dateModified":"2025-07-22T15:48:51+00:00","breadcrumb":{"@id":"https:\/\/siemexico.mx\/?page_id=9294#breadcrumb"},"inLanguage":"es","potentialAction":[{"@type":"ReadAction","target":["https:\/\/siemexico.mx\/?page_id=9294"]}]},{"@type":"ImageObject","inLanguage":"es","@id":"https:\/\/siemexico.mx\/?page_id=9294#primaryimage","url":"https:\/\/siemexico.mx\/wp-content\/uploads\/2018\/11\/Emision-de-gases.jpg","contentUrl":"https:\/\/siemexico.mx\/wp-content\/uploads\/2018\/11\/Emision-de-gases.jpg","width":1280,"height":853},{"@type":"BreadcrumbList","@id":"https:\/\/siemexico.mx\/?page_id=9294#breadcrumb","itemListElement":[{"@type":"ListItem","position":1,"name":"Portada","item":"https:\/\/siemexico.mx\/"},{"@type":"ListItem","position":2,"name":"Art\u00edculos"}]},{"@type":"WebSite","@id":"https:\/\/siemexico.mx\/#website","url":"https:\/\/siemexico.mx\/","name":"https:\/\/siemexico.mx\/","description":"Instituto Mexicano de Estrategias","potentialAction":[{"@type":"SearchAction","target":{"@type":"EntryPoint","urlTemplate":"https:\/\/siemexico.mx\/?s={search_term_string}"},"query-input":{"@type":"PropertyValueSpecification","valueRequired":true,"valueName":"search_term_string"}}],"inLanguage":"es"}]}},"_links":{"self":[{"href":"https:\/\/siemexico.mx\/index.php?rest_route=\/wp\/v2\/pages\/9294","targetHints":{"allow":["GET"]}}],"collection":[{"href":"https:\/\/siemexico.mx\/index.php?rest_route=\/wp\/v2\/pages"}],"about":[{"href":"https:\/\/siemexico.mx\/index.php?rest_route=\/wp\/v2\/types\/page"}],"author":[{"embeddable":true,"href":"https:\/\/siemexico.mx\/index.php?rest_route=\/wp\/v2\/users\/2"}],"replies":[{"embeddable":true,"href":"https:\/\/siemexico.mx\/index.php?rest_route=%2Fwp%2Fv2%2Fcomments&post=9294"}],"version-history":[{"count":86,"href":"https:\/\/siemexico.mx\/index.php?rest_route=\/wp\/v2\/pages\/9294\/revisions"}],"predecessor-version":[{"id":10209,"href":"https:\/\/siemexico.mx\/index.php?rest_route=\/wp\/v2\/pages\/9294\/revisions\/10209"}],"wp:attachment":[{"href":"https:\/\/siemexico.mx\/index.php?rest_route=%2Fwp%2Fv2%2Fmedia&parent=9294"}],"curies":[{"name":"wp","href":"https:\/\/api.w.org\/{rel}","templated":true}]}}