{"id":10277,"date":"2025-07-29T13:49:14","date_gmt":"2025-07-29T19:49:14","guid":{"rendered":"https:\/\/siemexico.mx\/?post_type=product&#038;p=10277"},"modified":"2025-07-29T16:14:27","modified_gmt":"2025-07-29T22:14:27","slug":"la-demolicion-de-la-seguridad-juridica","status":"publish","type":"product","link":"https:\/\/siemexico.mx\/?product=la-demolicion-de-la-seguridad-juridica","title":{"rendered":"La Demolici\u00f3n de la Seguridad Jur\u00eddica"},"content":{"rendered":"","protected":false},"excerpt":{"rendered":"<p>Este libro examina la llamada Reforma Judicial en M\u00e9xico, publicada en septiembre de 2024. Mediante un m\u00e9todo innovador de sem\u00e1ntica jur\u00eddica, creado por los autores, se examinan los 80 p\u00e1rrafos constitucionales contenidos en las modificaciones a 20 art\u00edculos de la Carta constitucional.<\/p>\n<p>Susana y Alejandro Sp\u00edndola lograron cuantificar los rasgos distintivos de esta reforma con el fin de proporcionar al lector una mejor apreciaci\u00f3n del destrozo ocasionado al principio de justicia que establece la Constituci\u00f3n mexicana, en su valor m\u00e1s preciado, la seguridad jur\u00eddica. Los autores logran determinar en cifras y juicios precisos sus conclusiones, como por ejemplo que el 53% de los p\u00e1rrafos modificados son de orden restrictivo y el 65% concede a los nuevos \u00f3rganos creados atribuciones disciplinarias. Tambi\u00e9n determinan las limitaciones que impone la reforma a los derechos sociales privilegiados en los mecanismos de control constitucional (acciones, controversias y juicios de amparo).<\/p>\n<p>Los autores detallan otros da\u00f1os trascendentes como los mecanismos con los que se pierde la independencia de los tribunales y se obstaculiza el ejercicio del derecho a la informaci\u00f3n, as\u00ed como los v\u00ednculos destructivos creados entre los poderes de la Uni\u00f3n.<\/p>\n<p>Los autores someten la reforma constitucional al an\u00e1lisis de los sistemas pol\u00edticos y la teor\u00eda de los proyectos nacionales, para precisar el riesgo sist\u00e9mico provocado y la viabilidad de las modificaciones establecidas, as\u00ed como los efectos que provocar\u00e1n. A partir de ello, califican el estilo de gobierno detr\u00e1s de estos cambios y su camino de enfrentamiento con el vecino del norte para ofrecer un enfoque constructivo a sus propuestas de nuevas pol\u00edticas de gobierno.<\/p>\n","protected":false},"featured_media":10278,"comment_status":"closed","ping_status":"closed","template":"","meta":{"_acf_changed":false},"product_brand":[],"product_cat":[],"product_tag":[],"class_list":{"0":"post-10277","1":"product","2":"type-product","3":"status-publish","4":"has-post-thumbnail","7":"first","8":"instock","9":"downloadable","10":"virtual","11":"taxable","12":"purchasable","13":"product-type-simple"},"acf":[],"yoast_head":"<!-- This site is optimized with the Yoast SEO plugin v26.6 - https:\/\/yoast.com\/wordpress\/plugins\/seo\/ -->\n<title>La Demolici\u00f3n de la Seguridad Jur\u00eddica - https:\/\/siemexico.mx\/<\/title>\n<meta name=\"robots\" content=\"index, follow, max-snippet:-1, max-image-preview:large, max-video-preview:-1\" \/>\n<link rel=\"canonical\" href=\"https:\/\/siemexico.mx\/?product=la-demolicion-de-la-seguridad-juridica\" \/>\n<meta property=\"og:locale\" content=\"es_ES\" \/>\n<meta property=\"og:type\" content=\"article\" \/>\n<meta property=\"og:title\" content=\"La Demolici\u00f3n de la Seguridad Jur\u00eddica - https:\/\/siemexico.mx\/\" \/>\n<meta property=\"og:description\" content=\"Este libro examina la llamada Reforma Judicial en M\u00e9xico, publicada en septiembre de 2024. Mediante un m\u00e9todo innovador de sem\u00e1ntica jur\u00eddica, creado por los autores, se examinan los 80 p\u00e1rrafos constitucionales contenidos en las modificaciones a 20 art\u00edculos de la Carta constitucional.  Susana y Alejandro Sp\u00edndola lograron cuantificar los rasgos distintivos de esta reforma con el fin de proporcionar al lector una mejor apreciaci\u00f3n del destrozo ocasionado al principio de justicia que establece la Constituci\u00f3n mexicana, en su valor m\u00e1s preciado, la seguridad jur\u00eddica. Los autores logran determinar en cifras y juicios precisos sus conclusiones, como por ejemplo que el 53% de los p\u00e1rrafos modificados son de orden restrictivo y el 65% concede a los nuevos \u00f3rganos creados atribuciones disciplinarias. Tambi\u00e9n determinan las limitaciones que impone la reforma a los derechos sociales privilegiados en los mecanismos de control constitucional (acciones, controversias y juicios de amparo).  Los autores detallan otros da\u00f1os trascendentes como los mecanismos con los que se pierde la independencia de los tribunales y se obstaculiza el ejercicio del derecho a la informaci\u00f3n, as\u00ed como los v\u00ednculos destructivos creados entre los poderes de la Uni\u00f3n.  Los autores someten la reforma constitucional al an\u00e1lisis de los sistemas pol\u00edticos y la teor\u00eda de los proyectos nacionales, para precisar el riesgo sist\u00e9mico provocado y la viabilidad de las modificaciones establecidas, as\u00ed como los efectos que provocar\u00e1n. A partir de ello, califican el estilo de gobierno detr\u00e1s de estos cambios y su camino de enfrentamiento con el vecino del norte para ofrecer un enfoque constructivo a sus propuestas de nuevas pol\u00edticas de gobierno.\" \/>\n<meta property=\"og:url\" content=\"https:\/\/siemexico.mx\/?product=la-demolicion-de-la-seguridad-juridica\" \/>\n<meta property=\"og:site_name\" content=\"https:\/\/siemexico.mx\/\" \/>\n<meta property=\"article:modified_time\" content=\"2025-07-29T22:14:27+00:00\" \/>\n<meta property=\"og:image\" content=\"https:\/\/siemexico.mx\/wp-content\/uploads\/2025\/07\/dd7f1909-2a4b-46a3-be95-dee8e9b51100.jpeg\" \/>\n\t<meta property=\"og:image:width\" content=\"990\" \/>\n\t<meta property=\"og:image:height\" content=\"1280\" \/>\n\t<meta property=\"og:image:type\" content=\"image\/jpeg\" \/>\n<meta name=\"twitter:card\" content=\"summary_large_image\" \/>\n<script type=\"application\/ld+json\" class=\"yoast-schema-graph\">{\"@context\":\"https:\/\/schema.org\",\"@graph\":[{\"@type\":\"WebPage\",\"@id\":\"https:\/\/siemexico.mx\/?product=la-demolicion-de-la-seguridad-juridica\",\"url\":\"https:\/\/siemexico.mx\/?product=la-demolicion-de-la-seguridad-juridica\",\"name\":\"La Demolici\u00f3n de la Seguridad Jur\u00eddica - https:\/\/siemexico.mx\/\",\"isPartOf\":{\"@id\":\"https:\/\/siemexico.mx\/#website\"},\"primaryImageOfPage\":{\"@id\":\"https:\/\/siemexico.mx\/?product=la-demolicion-de-la-seguridad-juridica#primaryimage\"},\"image\":{\"@id\":\"https:\/\/siemexico.mx\/?product=la-demolicion-de-la-seguridad-juridica#primaryimage\"},\"thumbnailUrl\":\"https:\/\/siemexico.mx\/wp-content\/uploads\/2025\/07\/dd7f1909-2a4b-46a3-be95-dee8e9b51100.jpeg\",\"datePublished\":\"2025-07-29T19:49:14+00:00\",\"dateModified\":\"2025-07-29T22:14:27+00:00\",\"breadcrumb\":{\"@id\":\"https:\/\/siemexico.mx\/?product=la-demolicion-de-la-seguridad-juridica#breadcrumb\"},\"inLanguage\":\"es\",\"potentialAction\":[{\"@type\":\"ReadAction\",\"target\":[\"https:\/\/siemexico.mx\/?product=la-demolicion-de-la-seguridad-juridica\"]}]},{\"@type\":\"ImageObject\",\"inLanguage\":\"es\",\"@id\":\"https:\/\/siemexico.mx\/?product=la-demolicion-de-la-seguridad-juridica#primaryimage\",\"url\":\"https:\/\/siemexico.mx\/wp-content\/uploads\/2025\/07\/dd7f1909-2a4b-46a3-be95-dee8e9b51100.jpeg\",\"contentUrl\":\"https:\/\/siemexico.mx\/wp-content\/uploads\/2025\/07\/dd7f1909-2a4b-46a3-be95-dee8e9b51100.jpeg\",\"width\":990,\"height\":1280,\"caption\":\"La Demolici\u00f3n de la Seguridad Jur\u00eddica\"},{\"@type\":\"BreadcrumbList\",\"@id\":\"https:\/\/siemexico.mx\/?product=la-demolicion-de-la-seguridad-juridica#breadcrumb\",\"itemListElement\":[{\"@type\":\"ListItem\",\"position\":1,\"name\":\"Portada\",\"item\":\"https:\/\/siemexico.mx\/\"},{\"@type\":\"ListItem\",\"position\":2,\"name\":\"Tienda\",\"item\":\"https:\/\/siemexico.mx\/?page_id=9962\"},{\"@type\":\"ListItem\",\"position\":3,\"name\":\"La Demolici\u00f3n de la Seguridad Jur\u00eddica\"}]},{\"@type\":\"WebSite\",\"@id\":\"https:\/\/siemexico.mx\/#website\",\"url\":\"https:\/\/siemexico.mx\/\",\"name\":\"https:\/\/siemexico.mx\/\",\"description\":\"Instituto Mexicano de Estrategias\",\"potentialAction\":[{\"@type\":\"SearchAction\",\"target\":{\"@type\":\"EntryPoint\",\"urlTemplate\":\"https:\/\/siemexico.mx\/?s={search_term_string}\"},\"query-input\":{\"@type\":\"PropertyValueSpecification\",\"valueRequired\":true,\"valueName\":\"search_term_string\"}}],\"inLanguage\":\"es\"}]}<\/script>\n<!-- \/ Yoast SEO plugin. -->","yoast_head_json":{"title":"La Demolici\u00f3n de la Seguridad Jur\u00eddica - https:\/\/siemexico.mx\/","robots":{"index":"index","follow":"follow","max-snippet":"max-snippet:-1","max-image-preview":"max-image-preview:large","max-video-preview":"max-video-preview:-1"},"canonical":"https:\/\/siemexico.mx\/?product=la-demolicion-de-la-seguridad-juridica","og_locale":"es_ES","og_type":"article","og_title":"La Demolici\u00f3n de la Seguridad Jur\u00eddica - https:\/\/siemexico.mx\/","og_description":"Este libro examina la llamada Reforma Judicial en M\u00e9xico, publicada en septiembre de 2024. Mediante un m\u00e9todo innovador de sem\u00e1ntica jur\u00eddica, creado por los autores, se examinan los 80 p\u00e1rrafos constitucionales contenidos en las modificaciones a 20 art\u00edculos de la Carta constitucional.  Susana y Alejandro Sp\u00edndola lograron cuantificar los rasgos distintivos de esta reforma con el fin de proporcionar al lector una mejor apreciaci\u00f3n del destrozo ocasionado al principio de justicia que establece la Constituci\u00f3n mexicana, en su valor m\u00e1s preciado, la seguridad jur\u00eddica. Los autores logran determinar en cifras y juicios precisos sus conclusiones, como por ejemplo que el 53% de los p\u00e1rrafos modificados son de orden restrictivo y el 65% concede a los nuevos \u00f3rganos creados atribuciones disciplinarias. Tambi\u00e9n determinan las limitaciones que impone la reforma a los derechos sociales privilegiados en los mecanismos de control constitucional (acciones, controversias y juicios de amparo).  Los autores detallan otros da\u00f1os trascendentes como los mecanismos con los que se pierde la independencia de los tribunales y se obstaculiza el ejercicio del derecho a la informaci\u00f3n, as\u00ed como los v\u00ednculos destructivos creados entre los poderes de la Uni\u00f3n.  Los autores someten la reforma constitucional al an\u00e1lisis de los sistemas pol\u00edticos y la teor\u00eda de los proyectos nacionales, para precisar el riesgo sist\u00e9mico provocado y la viabilidad de las modificaciones establecidas, as\u00ed como los efectos que provocar\u00e1n. A partir de ello, califican el estilo de gobierno detr\u00e1s de estos cambios y su camino de enfrentamiento con el vecino del norte para ofrecer un enfoque constructivo a sus propuestas de nuevas pol\u00edticas de gobierno.","og_url":"https:\/\/siemexico.mx\/?product=la-demolicion-de-la-seguridad-juridica","og_site_name":"https:\/\/siemexico.mx\/","article_modified_time":"2025-07-29T22:14:27+00:00","og_image":[{"width":990,"height":1280,"url":"https:\/\/siemexico.mx\/wp-content\/uploads\/2025\/07\/dd7f1909-2a4b-46a3-be95-dee8e9b51100.jpeg","type":"image\/jpeg"}],"twitter_card":"summary_large_image","schema":{"@context":"https:\/\/schema.org","@graph":[{"@type":"WebPage","@id":"https:\/\/siemexico.mx\/?product=la-demolicion-de-la-seguridad-juridica","url":"https:\/\/siemexico.mx\/?product=la-demolicion-de-la-seguridad-juridica","name":"La Demolici\u00f3n de la Seguridad Jur\u00eddica - https:\/\/siemexico.mx\/","isPartOf":{"@id":"https:\/\/siemexico.mx\/#website"},"primaryImageOfPage":{"@id":"https:\/\/siemexico.mx\/?product=la-demolicion-de-la-seguridad-juridica#primaryimage"},"image":{"@id":"https:\/\/siemexico.mx\/?product=la-demolicion-de-la-seguridad-juridica#primaryimage"},"thumbnailUrl":"https:\/\/siemexico.mx\/wp-content\/uploads\/2025\/07\/dd7f1909-2a4b-46a3-be95-dee8e9b51100.jpeg","datePublished":"2025-07-29T19:49:14+00:00","dateModified":"2025-07-29T22:14:27+00:00","breadcrumb":{"@id":"https:\/\/siemexico.mx\/?product=la-demolicion-de-la-seguridad-juridica#breadcrumb"},"inLanguage":"es","potentialAction":[{"@type":"ReadAction","target":["https:\/\/siemexico.mx\/?product=la-demolicion-de-la-seguridad-juridica"]}]},{"@type":"ImageObject","inLanguage":"es","@id":"https:\/\/siemexico.mx\/?product=la-demolicion-de-la-seguridad-juridica#primaryimage","url":"https:\/\/siemexico.mx\/wp-content\/uploads\/2025\/07\/dd7f1909-2a4b-46a3-be95-dee8e9b51100.jpeg","contentUrl":"https:\/\/siemexico.mx\/wp-content\/uploads\/2025\/07\/dd7f1909-2a4b-46a3-be95-dee8e9b51100.jpeg","width":990,"height":1280,"caption":"La Demolici\u00f3n de la Seguridad Jur\u00eddica"},{"@type":"BreadcrumbList","@id":"https:\/\/siemexico.mx\/?product=la-demolicion-de-la-seguridad-juridica#breadcrumb","itemListElement":[{"@type":"ListItem","position":1,"name":"Portada","item":"https:\/\/siemexico.mx\/"},{"@type":"ListItem","position":2,"name":"Tienda","item":"https:\/\/siemexico.mx\/?page_id=9962"},{"@type":"ListItem","position":3,"name":"La Demolici\u00f3n de la Seguridad Jur\u00eddica"}]},{"@type":"WebSite","@id":"https:\/\/siemexico.mx\/#website","url":"https:\/\/siemexico.mx\/","name":"https:\/\/siemexico.mx\/","description":"Instituto Mexicano de Estrategias","potentialAction":[{"@type":"SearchAction","target":{"@type":"EntryPoint","urlTemplate":"https:\/\/siemexico.mx\/?s={search_term_string}"},"query-input":{"@type":"PropertyValueSpecification","valueRequired":true,"valueName":"search_term_string"}}],"inLanguage":"es"}]}},"_links":{"self":[{"href":"https:\/\/siemexico.mx\/index.php?rest_route=\/wp\/v2\/product\/10277","targetHints":{"allow":["GET"]}}],"collection":[{"href":"https:\/\/siemexico.mx\/index.php?rest_route=\/wp\/v2\/product"}],"about":[{"href":"https:\/\/siemexico.mx\/index.php?rest_route=\/wp\/v2\/types\/product"}],"replies":[{"embeddable":true,"href":"https:\/\/siemexico.mx\/index.php?rest_route=%2Fwp%2Fv2%2Fcomments&post=10277"}],"wp:featuredmedia":[{"embeddable":true,"href":"https:\/\/siemexico.mx\/index.php?rest_route=\/wp\/v2\/media\/10278"}],"wp:attachment":[{"href":"https:\/\/siemexico.mx\/index.php?rest_route=%2Fwp%2Fv2%2Fmedia&parent=10277"}],"wp:term":[{"taxonomy":"product_brand","embeddable":true,"href":"https:\/\/siemexico.mx\/index.php?rest_route=%2Fwp%2Fv2%2Fproduct_brand&post=10277"},{"taxonomy":"product_cat","embeddable":true,"href":"https:\/\/siemexico.mx\/index.php?rest_route=%2Fwp%2Fv2%2Fproduct_cat&post=10277"},{"taxonomy":"product_tag","embeddable":true,"href":"https:\/\/siemexico.mx\/index.php?rest_route=%2Fwp%2Fv2%2Fproduct_tag&post=10277"}],"curies":[{"name":"wp","href":"https:\/\/api.w.org\/{rel}","templated":true}]}}